{"id":159,"date":"2017-04-16T10:18:51","date_gmt":"2017-04-16T10:18:51","guid":{"rendered":"http:\/\/chmc.es\/wordpress\/?page_id=159"},"modified":"2017-07-19T16:53:03","modified_gmt":"2017-07-19T16:53:03","slug":"area-educativa","status":"publish","type":"page","link":"https:\/\/chmc.es\/wordpress\/area-educativa\/","title":{"rendered":"\u00c1rea educativa"},"content":{"rendered":"<p style=\"text-align: left;\" align=\"CENTER\"><span style=\"font-family: helvetica, arial, sans-serif;\"><span style=\"font-size: small;\"><strong><span style=\"font-size: x-large;\">Psicopedagog\u00eda<\/span><\/strong><\/span><\/span><\/p>\n<p style=\"text-align: left;\" align=\"CENTER\"><span style=\"color: #33cccc; font-size: 12pt;\"><span style=\"font-family: helvetica, arial, sans-serif;\">El proceso de aprendizaje es complejo. Comprende el desarrollo de diversas \u00e1reas: memoria, atenci\u00f3n, capacidad de razonamiento, coordinaci\u00f3n viso-motora\u2026<br \/>\nLos problemas de aprendizaje se pueden abordar a nivel del grupo o a nivel individual en aquellos ni\u00f1os con necesidades espec\u00edficas.<div class=\"hrule clearfix\"><\/div><\/span><\/span><\/p>\n<p style=\"text-align: left;\" align=\"CENTER\"><span style=\"font-family: helvetica, arial, sans-serif;\"><span style=\"font-size: small;\"><strong><span style=\"font-size: x-large;\">Logopedia<\/span><\/strong><\/span><\/span><\/p>\n<p style=\"text-align: left;\" align=\"CENTER\"><span style=\"color: #33cccc; font-size: 12pt;\"><span style=\"font-family: helvetica, arial, sans-serif;\">Los problemas relacionados con el habla significan un motivo importante de dificultades e inhibiciones en la infancia.<br \/>\nLa logopedia abarca los problemas relacionados con la expresi\u00f3n, la articulaci\u00f3n y la comprensi\u00f3n del lenguaje: retraso en hablar, disfemias, disfon\u00edas, dislalias, disartrias, omisiones, substituciones, afon\u00edas\u2026<br \/>\nSe trabaja mediante ejercicios l\u00fadicos escogidos\u00a0especialmente para cada ni\u00f1o\/a y, seg\u00fan el caso, en peque\u00f1o grupo.<div class=\"hrule clearfix\"><\/div><\/span><\/span><\/p>\n<p style=\"text-align: left;\" align=\"CENTER\"><span style=\"font-family: helvetica, arial, sans-serif;\"><span style=\"font-size: small;\"><strong><span style=\"font-size: x-large;\">Orientaci\u00f3n a padres<\/span><\/strong><\/span><\/span><\/p>\n<p style=\"text-align: left;\" align=\"CENTER\"><span style=\"color: #33cccc; font-size: 12pt;\"><span style=\"font-family: helvetica, arial, sans-serif;\">En algunas situaciones, son los padres los que requieren orientaci\u00f3n para manejar del mejor modo posible la relaci\u00f3n con los hijos.<br \/>\nCuando se dan situaciones especiales que requieren de un acompa\u00f1amiento o gu\u00eda especializado, cuando aparecen dudas o cuando los hijos, aunque lo necesiten, se niegan a recibir atenci\u00f3n psicol\u00f3gica.<div class=\"hrule clearfix\"><\/div><\/span><\/span><\/p>\n<p style=\"text-align: left;\" align=\"CENTER\"><span style=\"font-family: helvetica, arial, sans-serif;\"><span style=\"font-size: small;\"><strong><span style=\"font-size: x-large;\">Grupos de reflexi\u00f3n y discusi\u00f3n con padres<\/span><\/strong><\/span><\/span><\/p>\n<p style=\"text-align: left;\" align=\"CENTER\"><span style=\"color: #33cccc; font-size: 12pt;\"><span style=\"font-family: helvetica, arial, sans-serif;\">La responsabilidad de madres y padres es cada d\u00eda m\u00e1s compleja: falta de tiempo, tensiones, separaciones de pareja\u2026<br \/>\nEncontrar un espacio para pensar c\u00f3mo hacerlo con los hijos, puede ser de gran ayuda. El intercambio de experiencias con otros padres, en reuniones conducidas por un profesional, aporta recursos, alivia y estimula.<div class=\"hrule clearfix\"><\/div><\/span><\/span><\/p>\n<p style=\"text-align: left;\" align=\"CENTER\"><span style=\"font-family: helvetica, arial, sans-serif;\"><span style=\"font-size: small;\"><strong><span style=\"font-size: x-large;\">Intervenciones en escuelas<\/span><\/strong><\/span><\/span><\/p>\n<p style=\"text-align: left;\" align=\"CENTER\"><span style=\"color: #33cccc; font-size: 12pt;\"><span style=\"font-family: helvetica, arial, sans-serif;\">Reuniones con los profesionales de las escuelas, (directores, maestros, profesores, aulas especiales, psicopedagogos, etc.), con tal de trabajar coordinada y conjuntamente las dificultades surgidas en el \u00e1mbito escolar,\u00a0tanto al nivel grupal, como individual en aquellos ni\u00f1os con necesidades espec\u00edficas.<div class=\"hrule clearfix\"><\/div><\/span><\/span><\/p>\n<p style=\"text-align: left;\" align=\"CENTER\"><span style=\"font-family: helvetica, arial, sans-serif;\"><span style=\"font-size: small;\"><strong><span style=\"font-size: x-large;\">Charlas y talleres<\/span><\/strong><em><span style=\"font-size: x-large;\">\u00a0<\/span><\/em><\/span><\/span><\/p>\n<p style=\"text-align: left;\" align=\"CENTER\"><span style=\"color: #33cccc; font-size: 12pt;\"><span style=\"font-family: helvetica, arial, sans-serif;\">Charlas, conferencias y talleres en escuelas o asociaciones y centros relacionados con el mundo de la infancia y adolescencia.<br \/>\nSon de car\u00e1cter divulgativo e informativo sobre temas de Psicolog\u00eda Evolutiva y\/o Cl\u00ednica. Son divulgativas e informativas a cerca de temas de Psicolog\u00eda Evolutiva, Cl\u00ednica, Psicopedagog\u00eda y Logopedia.<div class=\"hrule clearfix\"><\/div><\/span><\/span><\/p>\n","protected":false},"excerpt":{"rendered":"<p>Psicopedagog\u00eda El proceso de aprendizaje es complejo. Comprende el desarrollo de diversas \u00e1reas: memoria, atenci\u00f3n, capacidad de razonamiento, coordinaci\u00f3n viso-motora\u2026 Los problemas de aprendizaje se pueden abordar a nivel del grupo o a nivel individual en aquellos ni\u00f1os con necesidades &hellip; <a href=\"https:\/\/chmc.es\/wordpress\/area-educativa\/\">Continuar<\/a><\/p>\n","protected":false},"author":1,"featured_media":0,"parent":0,"menu_order":0,"comment_status":"closed","ping_status":"closed","template":"","meta":{"kt_blocks_editor_width":"","footnotes":""},"class_list":["post-159","page","type-page","status-publish","hentry"],"yoast_head":"<!-- This site is optimized with the Yoast SEO plugin v27.1.1 - https:\/\/yoast.com\/product\/yoast-seo-wordpress\/ -->\n<title>\u00c1rea educativa - CHMC<\/title>\n<meta name=\"robots\" content=\"index, follow, max-snippet:-1, max-image-preview:large, max-video-preview:-1\" \/>\n<link rel=\"canonical\" href=\"https:\/\/chmc.es\/wordpress\/area-educativa\/\" \/>\n<meta property=\"og:locale\" content=\"es_ES\" \/>\n<meta property=\"og:type\" content=\"article\" \/>\n<meta property=\"og:title\" content=\"\u00c1rea educativa - CHMC\" \/>\n<meta property=\"og:description\" content=\"Psicopedagog\u00eda El proceso de aprendizaje es complejo. Comprende el desarrollo de diversas \u00e1reas: memoria, atenci\u00f3n, capacidad de razonamiento, coordinaci\u00f3n viso-motora\u2026 Los problemas de aprendizaje se pueden abordar a nivel del grupo o a nivel individual en aquellos ni\u00f1os con necesidades &hellip; Continuar\" \/>\n<meta property=\"og:url\" content=\"https:\/\/chmc.es\/wordpress\/area-educativa\/\" \/>\n<meta property=\"og:site_name\" content=\"CHMC\" \/>\n<meta property=\"article:modified_time\" content=\"2017-07-19T16:53:03+00:00\" \/>\n<meta property=\"og:image\" content=\"https:\/\/chmc.es\/wordpress\/wp-content\/uploads\/2025\/02\/Disseny-sense-titol-scaled.jpg\" \/>\n\t<meta property=\"og:image:width\" content=\"2560\" \/>\n\t<meta property=\"og:image:height\" content=\"1080\" \/>\n\t<meta property=\"og:image:type\" content=\"image\/jpeg\" \/>\n<meta name=\"twitter:card\" content=\"summary_large_image\" \/>\n<meta name=\"twitter:label1\" content=\"Tiempo de lectura\" \/>\n\t<meta name=\"twitter:data1\" content=\"2 minutos\" \/>\n<script type=\"application\/ld+json\" class=\"yoast-schema-graph\">{\"@context\":\"https:\/\/schema.org\",\"@graph\":[{\"@type\":\"WebPage\",\"@id\":\"https:\/\/chmc.es\/wordpress\/area-educativa\/\",\"url\":\"https:\/\/chmc.es\/wordpress\/area-educativa\/\",\"name\":\"\u00c1rea educativa - CHMC\",\"isPartOf\":{\"@id\":\"https:\/\/chmc.es\/wordpress\/#website\"},\"datePublished\":\"2017-04-16T10:18:51+00:00\",\"dateModified\":\"2017-07-19T16:53:03+00:00\",\"breadcrumb\":{\"@id\":\"https:\/\/chmc.es\/wordpress\/area-educativa\/#breadcrumb\"},\"inLanguage\":\"es\",\"potentialAction\":[{\"@type\":\"ReadAction\",\"target\":[\"https:\/\/chmc.es\/wordpress\/area-educativa\/\"]}]},{\"@type\":\"BreadcrumbList\",\"@id\":\"https:\/\/chmc.es\/wordpress\/area-educativa\/#breadcrumb\",\"itemListElement\":[{\"@type\":\"ListItem\",\"position\":1,\"name\":\"Portada\",\"item\":\"https:\/\/chmc.es\/wordpress\/\"},{\"@type\":\"ListItem\",\"position\":2,\"name\":\"\u00c1rea educativa\"}]},{\"@type\":\"WebSite\",\"@id\":\"https:\/\/chmc.es\/wordpress\/#website\",\"url\":\"https:\/\/chmc.es\/wordpress\/\",\"name\":\"CHMC\",\"description\":\"PSICOLOGIA\",\"publisher\":{\"@id\":\"https:\/\/chmc.es\/wordpress\/#organization\"},\"potentialAction\":[{\"@type\":\"SearchAction\",\"target\":{\"@type\":\"EntryPoint\",\"urlTemplate\":\"https:\/\/chmc.es\/wordpress\/?s={search_term_string}\"},\"query-input\":{\"@type\":\"PropertyValueSpecification\",\"valueRequired\":true,\"valueName\":\"search_term_string\"}}],\"inLanguage\":\"es\"},{\"@type\":\"Organization\",\"@id\":\"https:\/\/chmc.es\/wordpress\/#organization\",\"name\":\"CHMC\",\"url\":\"https:\/\/chmc.es\/wordpress\/\",\"logo\":{\"@type\":\"ImageObject\",\"inLanguage\":\"es\",\"@id\":\"https:\/\/chmc.es\/wordpress\/#\/schema\/logo\/image\/\",\"url\":\"https:\/\/chmc.es\/wordpress\/wp-content\/uploads\/2025\/02\/chmc.jpg\",\"contentUrl\":\"https:\/\/chmc.es\/wordpress\/wp-content\/uploads\/2025\/02\/chmc.jpg\",\"width\":1080,\"height\":1080,\"caption\":\"CHMC\"},\"image\":{\"@id\":\"https:\/\/chmc.es\/wordpress\/#\/schema\/logo\/image\/\"}}]}<\/script>\n<!-- \/ Yoast SEO plugin. -->","yoast_head_json":{"title":"\u00c1rea educativa - CHMC","robots":{"index":"index","follow":"follow","max-snippet":"max-snippet:-1","max-image-preview":"max-image-preview:large","max-video-preview":"max-video-preview:-1"},"canonical":"https:\/\/chmc.es\/wordpress\/area-educativa\/","og_locale":"es_ES","og_type":"article","og_title":"\u00c1rea educativa - CHMC","og_description":"Psicopedagog\u00eda El proceso de aprendizaje es complejo. Comprende el desarrollo de diversas \u00e1reas: memoria, atenci\u00f3n, capacidad de razonamiento, coordinaci\u00f3n viso-motora\u2026 Los problemas de aprendizaje se pueden abordar a nivel del grupo o a nivel individual en aquellos ni\u00f1os con necesidades &hellip; Continuar","og_url":"https:\/\/chmc.es\/wordpress\/area-educativa\/","og_site_name":"CHMC","article_modified_time":"2017-07-19T16:53:03+00:00","og_image":[{"width":2560,"height":1080,"url":"https:\/\/chmc.es\/wordpress\/wp-content\/uploads\/2025\/02\/Disseny-sense-titol-scaled.jpg","type":"image\/jpeg"}],"twitter_card":"summary_large_image","twitter_misc":{"Tiempo de lectura":"2 minutos"},"schema":{"@context":"https:\/\/schema.org","@graph":[{"@type":"WebPage","@id":"https:\/\/chmc.es\/wordpress\/area-educativa\/","url":"https:\/\/chmc.es\/wordpress\/area-educativa\/","name":"\u00c1rea educativa - CHMC","isPartOf":{"@id":"https:\/\/chmc.es\/wordpress\/#website"},"datePublished":"2017-04-16T10:18:51+00:00","dateModified":"2017-07-19T16:53:03+00:00","breadcrumb":{"@id":"https:\/\/chmc.es\/wordpress\/area-educativa\/#breadcrumb"},"inLanguage":"es","potentialAction":[{"@type":"ReadAction","target":["https:\/\/chmc.es\/wordpress\/area-educativa\/"]}]},{"@type":"BreadcrumbList","@id":"https:\/\/chmc.es\/wordpress\/area-educativa\/#breadcrumb","itemListElement":[{"@type":"ListItem","position":1,"name":"Portada","item":"https:\/\/chmc.es\/wordpress\/"},{"@type":"ListItem","position":2,"name":"\u00c1rea educativa"}]},{"@type":"WebSite","@id":"https:\/\/chmc.es\/wordpress\/#website","url":"https:\/\/chmc.es\/wordpress\/","name":"CHMC","description":"PSICOLOGIA","publisher":{"@id":"https:\/\/chmc.es\/wordpress\/#organization"},"potentialAction":[{"@type":"SearchAction","target":{"@type":"EntryPoint","urlTemplate":"https:\/\/chmc.es\/wordpress\/?s={search_term_string}"},"query-input":{"@type":"PropertyValueSpecification","valueRequired":true,"valueName":"search_term_string"}}],"inLanguage":"es"},{"@type":"Organization","@id":"https:\/\/chmc.es\/wordpress\/#organization","name":"CHMC","url":"https:\/\/chmc.es\/wordpress\/","logo":{"@type":"ImageObject","inLanguage":"es","@id":"https:\/\/chmc.es\/wordpress\/#\/schema\/logo\/image\/","url":"https:\/\/chmc.es\/wordpress\/wp-content\/uploads\/2025\/02\/chmc.jpg","contentUrl":"https:\/\/chmc.es\/wordpress\/wp-content\/uploads\/2025\/02\/chmc.jpg","width":1080,"height":1080,"caption":"CHMC"},"image":{"@id":"https:\/\/chmc.es\/wordpress\/#\/schema\/logo\/image\/"}}]}},"_links":{"self":[{"href":"https:\/\/chmc.es\/wordpress\/wp-json\/wp\/v2\/pages\/159","targetHints":{"allow":["GET"]}}],"collection":[{"href":"https:\/\/chmc.es\/wordpress\/wp-json\/wp\/v2\/pages"}],"about":[{"href":"https:\/\/chmc.es\/wordpress\/wp-json\/wp\/v2\/types\/page"}],"author":[{"embeddable":true,"href":"https:\/\/chmc.es\/wordpress\/wp-json\/wp\/v2\/users\/1"}],"replies":[{"embeddable":true,"href":"https:\/\/chmc.es\/wordpress\/wp-json\/wp\/v2\/comments?post=159"}],"version-history":[{"count":7,"href":"https:\/\/chmc.es\/wordpress\/wp-json\/wp\/v2\/pages\/159\/revisions"}],"predecessor-version":[{"id":414,"href":"https:\/\/chmc.es\/wordpress\/wp-json\/wp\/v2\/pages\/159\/revisions\/414"}],"wp:attachment":[{"href":"https:\/\/chmc.es\/wordpress\/wp-json\/wp\/v2\/media?parent=159"}],"curies":[{"name":"wp","href":"https:\/\/api.w.org\/{rel}","templated":true}]}}