{"id":481,"date":"2021-01-13T15:23:30","date_gmt":"2021-01-13T15:23:30","guid":{"rendered":"http:\/\/chmc.es\/wordpress\/?page_id=481"},"modified":"2021-02-04T17:40:52","modified_gmt":"2021-02-04T17:40:52","slug":"informacion-del-uso-de-cookies","status":"publish","type":"page","link":"https:\/\/chmc.es\/wordpress\/ca\/informacion-del-uso-de-cookies\/","title":{"rendered":"Informaci\u00f3 de l&#8217;\u00fas de cookies"},"content":{"rendered":"<h2>Qu\u00e8 s\u00f3n les cookies?<\/h2>\n<p>Les cookies s\u00f3n petits arxius de dades que es reben en el terminal des del lloc web visitat i s&#8217;usen per a registrar certes interaccions de la navegaci\u00f3 en un lloc web emmagatzemant dades que podran ser actualitzats i recuperats. Aquests arxius s&#8217;emmagatzemen en l&#8217;ordinador de l&#8217;usuari i cont\u00e9 dades an\u00f2nimes que no s\u00f3n perjudicials per al seu equip. S&#8217;utilitzen per a recordar les prefer\u00e8ncies de l&#8217;usuari, com l&#8217;idioma seleccionat, dades d&#8217;acc\u00e9s o personalitzaci\u00f3 de la p\u00e0gina.<\/p>\n<p>Les Cookies tamb\u00e9 poden ser utilitzades per a registrar informaci\u00f3 an\u00f2nima sobre com un visitant utilitza un lloc. Per exemple, des de quina p\u00e0gina Web ha accedit, o si ha utilitzat un \u00abb\u00e0ner\u00bb publicitari per a arribar.<\/p>\n<h2>Quin \u00fas li donem als diferents tipus de cookies?<\/h2>\n<p><strong>Segons la seva finalitat:<\/strong><\/p>\n<table>\n<tbody>\n<tr>\n<td width=\"325\"><strong>Cookies t\u00e8cniques<\/strong><\/td>\n<td width=\"325\">Les cookies t\u00e8cniques s\u00f3n aquelles faciliten la navegaci\u00f3 de l&#8217;usuari i la utilitzaci\u00f3 de les diferents opcions o serveis que ofereix la web com identificar la sessi\u00f3, permetre l&#8217;acc\u00e9s a determinades \u00e0rees, facilitar comandes, compres, emplenament de formularis, inscripcions, seguretat, facilitar funcionalitats (v\u00eddeos, xarxes socials\u2026).<\/td>\n<\/tr>\n<tr>\n<td width=\"325\"><strong>Cookies de personalitzaci\u00f3<\/strong><\/td>\n<td width=\"325\">Les cookies de personalitzaci\u00f3 permeten a l&#8217;usuari accedir als serveis segons les seves prefer\u00e8ncies (idioma, navegador, configuraci\u00f3\u2026).<\/p>\n<p>Las cookies de personalitzaci\u00f3 permeten a l\u2019usuari.<\/td>\n<\/tr>\n<tr>\n<td width=\"325\"><strong>Cookies anal\u00edtiques<\/strong><\/td>\n<td width=\"325\">Les cookies d&#8217;an\u00e0lisis s\u00f3n les utilitzades per a dur a terme l&#8217;an\u00e0lisi an\u00f2nima del comportament dels usuaris de la web i que permeten mesurar l&#8217;activitat de l&#8217;usuari i elaborar perfils de navegaci\u00f3 amb la fi objectiva de millorar els llocs web.<\/td>\n<\/tr>\n<tr>\n<td width=\"325\"><strong>Cookies publicit\u00e0ries<\/strong><\/td>\n<td width=\"325\">Les cookies publicit\u00e0ries permeten la gesti\u00f3 dels espais publicitaris de la web. A m\u00e9s, aquestes cookies poden ser de publicitat personalitzada i permetre aix\u00ed la gesti\u00f3 dels espais publicitaris de la web sobre la base del comportament i h\u00e0bits de navegaci\u00f3 d&#8217;usuari, d&#8217;on s&#8217;obt\u00e9 el seu perfil i permeten personalitzar la publicitat que es mostra en el navegador de l&#8217;usuari o altres perfils i xarxes socials de l&#8217;usuari.<\/td>\n<\/tr>\n<\/tbody>\n<\/table>\n<p>&nbsp;<\/p>\n<p><strong>Segons el seu termini:<\/strong><\/p>\n<table>\n<tbody>\n<tr>\n<td width=\"325\"><strong>Cookies de sessi\u00f3<\/strong><\/td>\n<td width=\"325\">Les cookies de sessi\u00f3 s\u00f3n aquelles que duren el temps que l&#8217;usuari est\u00e0 navegant per la p\u00e0gina Web i s&#8217;esborren en tancar el navegador.<\/td>\n<\/tr>\n<tr>\n<td width=\"325\"><strong>Cookies persistents<\/strong><\/td>\n<td width=\"325\">Aquestes cookies queden emmagatzemades en el terminal de l&#8217;usuari fins que s\u00f3n eliminades manualment o hagi concl\u00f2s el per\u00edode de durada establert per a aquesta cookie.<\/td>\n<\/tr>\n<\/tbody>\n<\/table>\n<p>&nbsp;<\/p>\n<p><strong>Segons la seva titularitat: <\/strong><\/p>\n<p>&nbsp;<\/p>\n<table>\n<tbody>\n<tr>\n<td width=\"325\"><strong>Cookies pr\u00f2pies<\/strong><\/td>\n<td width=\"325\">Aquelles que s&#8217;envien a l&#8217;equip terminal de l&#8217;usuari des d&#8217;un equip o domini gestionat pel propi editor i des del qual es presta el servei sol\u00b7licitat per l&#8217;usuari.<\/td>\n<\/tr>\n<tr>\n<td width=\"325\"><strong>Cookies de tercers<\/strong><\/td>\n<td width=\"325\">Aquelles que s&#8217;envien a l&#8217;equip terminal de l&#8217;usuari des d&#8217;un equip o domini que no \u00e9s gestionat per l&#8217;editor, sin\u00f3 per una altra entitat que tracta les dades obtingudes trav\u00e9s de les cookies.<\/td>\n<\/tr>\n<\/tbody>\n<\/table>\n<p>&nbsp;<\/p>\n<p><strong>La seg\u00fcent taula recull la classificaci\u00f3 i descripci\u00f3 de les cookies utilitzades en la present p\u00e0gina web perqu\u00e8 puguis identificar-les en el teu navegador:<\/strong><\/p>\n<p><strong>\u00a0<\/strong><\/p>\n<table width=\"100%\">\n<tbody>\n<tr>\n<td width=\"22%\"><strong>Nom<\/strong><\/td>\n<td width=\"19%\"><strong>Titular<\/strong><\/td>\n<td width=\"17%\"><strong>Dades recaptades<\/strong><\/td>\n<td width=\"16%\"><strong>Finalitat<\/strong><\/td>\n<td width=\"23%\"><strong>Duraci\u00f3<\/strong><\/td>\n<\/tr>\n<tr>\n<td width=\"22%\"><strong>pll_language<\/strong><\/td>\n<td width=\"19%\">Cookie pr\u00f2pia<\/td>\n<td width=\"17%\">Gesti\u00f3 de l\u2019idioma de la web.<\/td>\n<td width=\"16%\">Personalitzaci\u00f3<\/td>\n<td width=\"23%\">1 any.<\/td>\n<\/tr>\n<tr>\n<td width=\"22%\"><strong>moove_gdpr_popup<\/strong><\/td>\n<td width=\"19%\">Cookie pr\u00f2pia<\/td>\n<td width=\"17%\">Utilitzada per a guardar les prefer\u00e8ncies sobre cookies.<\/td>\n<td width=\"16%\">T\u00e8cnica<\/td>\n<td width=\"23%\">1 any.<\/td>\n<\/tr>\n<tr>\n<td width=\"22%\"><strong>cookies_accepted<\/strong><\/td>\n<td width=\"19%\">Cookie pr\u00f2pia<\/td>\n<td width=\"17%\">Acceptaci\u00f3 de cookies per part de l\u2019usuari.<\/td>\n<td width=\"16%\">T\u00e8cnica<\/td>\n<td width=\"23%\">Al finalitzar la sessi\u00f3 amb el navegador.<\/td>\n<\/tr>\n<\/tbody>\n<\/table>\n<p>&nbsp;<\/p>\n<p><strong>CENTRE D&#8217;HIGIENE MENTAL DE CORNELL\u00c0 <\/strong>nom\u00e9s utilitza cookies que permeten el funcionament i la prestaci\u00f3 dels serveis oferits en la mateixa i que en cap cas tracten dades de connexi\u00f3 i\/o del dispositius per a fins estad\u00edstics ni capten h\u00e0bits de navegaci\u00f3 per a fins publicitaris.<\/p>\n<p>El subministrament de dades personals a trav\u00e9s del nostre portal i el consentiment per a l\u2019\u00fas de cookies <u>requereix una edat m\u00ednima de 14 anys<\/u> i l\u2019acceptaci\u00f3 expressa de la nostra Pol\u00edtica de Privacitat.<\/p>\n<p>&nbsp;<\/p>\n<p><strong>De totes maneres, li informem que pot activar o desactivar les cookies\u00a0 seguint les instruccions del seu navegador d\u2019Internet: <\/strong><\/p>\n<table width=\"0\">\n<tbody>\n<tr>\n<td width=\"120\"><strong>Chrome<\/strong><\/td>\n<td width=\"229\">Configuraci\u00f3 <i class=\"icon-arrow-right\" style=\"font-size:14px; color:#000;\"><\/i> Mostrar opcions avan\u00e7ades <i class=\"icon-arrow-right\" style=\"font-size:14px; color:#000;\"><\/i> Privacitat <i class=\"icon-arrow-right\" style=\"font-size:14px; color:#000;\"><\/i> Configuraci\u00f3 de contingut.<\/td>\n<td width=\"337\">support.google.com<\/td>\n<\/tr>\n<tr>\n<td width=\"120\"><strong>Firefox<\/strong><\/td>\n<td width=\"229\">Eines\u00e0 Opcions <i class=\"icon-arrow-right\" style=\"font-size:14px; color:#000;\"><\/i> Privacitat <i class=\"icon-arrow-right\" style=\"font-size:14px; color:#000;\"><\/i> Historial <i class=\"icon-arrow-right\" style=\"font-size:14px; color:#000;\"><\/i> Configuraci\u00f3 Personalitzada.<\/td>\n<td width=\"337\">support.mozilla.org<\/td>\n<\/tr>\n<tr>\n<td width=\"120\"><strong>Internet Explorer<\/strong><\/td>\n<td width=\"229\">Eines <i class=\"icon-arrow-right\" style=\"font-size:14px; color:#000;\"><\/i> Opcions d\u2019Internet <i class=\"icon-arrow-right\" style=\"font-size:14px; color:#000;\"><\/i> Privacitat <i class=\"icon-arrow-right\" style=\"font-size:14px; color:#000;\"><\/i> Configuraci\u00f3.<\/td>\n<td width=\"337\">windows.microsoft.com<\/td>\n<\/tr>\n<tr>\n<td width=\"120\"><strong>Opera<\/strong><\/td>\n<td width=\"229\">Eines <i class=\"icon-arrow-right\" style=\"font-size:14px; color:#000;\"><\/i> Prefer\u00e8ncies <i class=\"icon-arrow-right\" style=\"font-size:14px; color:#000;\"><\/i> Editar prefer\u00e8ncies <i class=\"icon-arrow-right\" style=\"font-size:14px; color:#000;\"><\/i> Cookies.<\/td>\n<td width=\"337\"><a href=\"http:\/\/www.opera.com\/help\/tutorials\/security\/cookies\/\">http:\/\/www.opera.com\/help\/tutorials\/security\/cookies\/<\/a><\/td>\n<\/tr>\n<tr>\n<td width=\"120\"><strong>Safari<\/strong><\/td>\n<td width=\"229\">Prefer\u00e8ncies <i class=\"icon-arrow-right\" style=\"font-size:14px; color:#000;\"><\/i> Seguretat.<\/td>\n<td width=\"337\"><a href=\"http:\/\/www.apple.com\">http:\/\/www.apple.com<\/a><\/td>\n<\/tr>\n<tr>\n<td width=\"120\"><strong>Edge<\/strong><\/td>\n<td width=\"229\">Configuraci\u00f3 <i class=\"icon-arrow-right\" style=\"font-size:14px; color:#000;\"><\/i> Veure configuraci\u00f3 avan\u00e7ada <i class=\"icon-arrow-right\" style=\"font-size:14px; color:#000;\"><\/i> Privacitat i serveis <i class=\"icon-arrow-right\" style=\"font-size:14px; color:#000;\"><\/i> Cookies.<\/td>\n<td width=\"337\"><a href=\"https:\/\/privacy.microsoft.com\/es-es\/windows-10-microsoft-edge-and-privacy\">https:\/\/privacy.microsoft.com\/es-es\/windows-10-microsoft-edge-and-privacy<\/a><\/td>\n<\/tr>\n<\/tbody>\n<\/table>\n<h2><\/h2>\n","protected":false},"excerpt":{"rendered":"<p>Qu\u00e8 s\u00f3n les cookies? Les cookies s\u00f3n petits arxius de dades que es reben en el terminal des del lloc web visitat i s&#8217;usen per a registrar certes interaccions de la navegaci\u00f3 en un lloc web emmagatzemant dades que podran &hellip; <a href=\"https:\/\/chmc.es\/wordpress\/ca\/informacion-del-uso-de-cookies\/\">Continuar<\/a><\/p>\n","protected":false},"author":1,"featured_media":0,"parent":0,"menu_order":0,"comment_status":"closed","ping_status":"closed","template":"","meta":{"kt_blocks_editor_width":"","footnotes":""},"class_list":["post-481","page","type-page","status-publish","hentry"],"yoast_head":"<!-- This site is optimized with the Yoast SEO plugin v27.1.1 - https:\/\/yoast.com\/product\/yoast-seo-wordpress\/ -->\n<title>Informaci\u00f3 de l&#039;\u00fas de cookies - CHMC<\/title>\n<meta name=\"robots\" content=\"index, follow, max-snippet:-1, max-image-preview:large, max-video-preview:-1\" \/>\n<link rel=\"canonical\" href=\"https:\/\/chmc.es\/wordpress\/ca\/informacion-del-uso-de-cookies\/\" \/>\n<meta property=\"og:locale\" content=\"es_ES\" \/>\n<meta property=\"og:type\" content=\"article\" \/>\n<meta property=\"og:title\" content=\"Informaci\u00f3 de l&#039;\u00fas de cookies - CHMC\" \/>\n<meta property=\"og:description\" content=\"Qu\u00e8 s\u00f3n les cookies? Les cookies s\u00f3n petits arxius de dades que es reben en el terminal des del lloc web visitat i s&#8217;usen per a registrar certes interaccions de la navegaci\u00f3 en un lloc web emmagatzemant dades que podran &hellip; Continuar\" \/>\n<meta property=\"og:url\" content=\"https:\/\/chmc.es\/wordpress\/ca\/informacion-del-uso-de-cookies\/\" \/>\n<meta property=\"og:site_name\" content=\"CHMC\" \/>\n<meta property=\"article:modified_time\" content=\"2021-02-04T17:40:52+00:00\" \/>\n<meta property=\"og:image\" content=\"https:\/\/chmc.es\/wordpress\/wp-content\/uploads\/2025\/02\/Disseny-sense-titol-scaled.jpg\" \/>\n\t<meta property=\"og:image:width\" content=\"2560\" \/>\n\t<meta property=\"og:image:height\" content=\"1080\" \/>\n\t<meta property=\"og:image:type\" content=\"image\/jpeg\" \/>\n<meta name=\"twitter:card\" content=\"summary_large_image\" \/>\n<meta name=\"twitter:label1\" content=\"Tiempo de lectura\" \/>\n\t<meta name=\"twitter:data1\" content=\"4 minutos\" \/>\n<script type=\"application\/ld+json\" class=\"yoast-schema-graph\">{\"@context\":\"https:\/\/schema.org\",\"@graph\":[{\"@type\":\"WebPage\",\"@id\":\"https:\/\/chmc.es\/wordpress\/ca\/informacion-del-uso-de-cookies\/\",\"url\":\"https:\/\/chmc.es\/wordpress\/ca\/informacion-del-uso-de-cookies\/\",\"name\":\"Informaci\u00f3 de l'\u00fas de cookies - CHMC\",\"isPartOf\":{\"@id\":\"https:\/\/chmc.es\/wordpress\/#website\"},\"datePublished\":\"2021-01-13T15:23:30+00:00\",\"dateModified\":\"2021-02-04T17:40:52+00:00\",\"breadcrumb\":{\"@id\":\"https:\/\/chmc.es\/wordpress\/ca\/informacion-del-uso-de-cookies\/#breadcrumb\"},\"inLanguage\":\"es\",\"potentialAction\":[{\"@type\":\"ReadAction\",\"target\":[\"https:\/\/chmc.es\/wordpress\/ca\/informacion-del-uso-de-cookies\/\"]}]},{\"@type\":\"BreadcrumbList\",\"@id\":\"https:\/\/chmc.es\/wordpress\/ca\/informacion-del-uso-de-cookies\/#breadcrumb\",\"itemListElement\":[{\"@type\":\"ListItem\",\"position\":1,\"name\":\"Portada\",\"item\":\"https:\/\/chmc.es\/wordpress\/\"},{\"@type\":\"ListItem\",\"position\":2,\"name\":\"Informaci\u00f3 de l&#8217;\u00fas de cookies\"}]},{\"@type\":\"WebSite\",\"@id\":\"https:\/\/chmc.es\/wordpress\/#website\",\"url\":\"https:\/\/chmc.es\/wordpress\/\",\"name\":\"CHMC\",\"description\":\"PSICOLOGIA\",\"publisher\":{\"@id\":\"https:\/\/chmc.es\/wordpress\/#organization\"},\"potentialAction\":[{\"@type\":\"SearchAction\",\"target\":{\"@type\":\"EntryPoint\",\"urlTemplate\":\"https:\/\/chmc.es\/wordpress\/?s={search_term_string}\"},\"query-input\":{\"@type\":\"PropertyValueSpecification\",\"valueRequired\":true,\"valueName\":\"search_term_string\"}}],\"inLanguage\":\"es\"},{\"@type\":\"Organization\",\"@id\":\"https:\/\/chmc.es\/wordpress\/#organization\",\"name\":\"CHMC\",\"url\":\"https:\/\/chmc.es\/wordpress\/\",\"logo\":{\"@type\":\"ImageObject\",\"inLanguage\":\"es\",\"@id\":\"https:\/\/chmc.es\/wordpress\/#\/schema\/logo\/image\/\",\"url\":\"https:\/\/chmc.es\/wordpress\/wp-content\/uploads\/2025\/02\/chmc.jpg\",\"contentUrl\":\"https:\/\/chmc.es\/wordpress\/wp-content\/uploads\/2025\/02\/chmc.jpg\",\"width\":1080,\"height\":1080,\"caption\":\"CHMC\"},\"image\":{\"@id\":\"https:\/\/chmc.es\/wordpress\/#\/schema\/logo\/image\/\"}}]}<\/script>\n<!-- \/ Yoast SEO plugin. -->","yoast_head_json":{"title":"Informaci\u00f3 de l'\u00fas de cookies - CHMC","robots":{"index":"index","follow":"follow","max-snippet":"max-snippet:-1","max-image-preview":"max-image-preview:large","max-video-preview":"max-video-preview:-1"},"canonical":"https:\/\/chmc.es\/wordpress\/ca\/informacion-del-uso-de-cookies\/","og_locale":"es_ES","og_type":"article","og_title":"Informaci\u00f3 de l'\u00fas de cookies - CHMC","og_description":"Qu\u00e8 s\u00f3n les cookies? Les cookies s\u00f3n petits arxius de dades que es reben en el terminal des del lloc web visitat i s&#8217;usen per a registrar certes interaccions de la navegaci\u00f3 en un lloc web emmagatzemant dades que podran &hellip; Continuar","og_url":"https:\/\/chmc.es\/wordpress\/ca\/informacion-del-uso-de-cookies\/","og_site_name":"CHMC","article_modified_time":"2021-02-04T17:40:52+00:00","og_image":[{"width":2560,"height":1080,"url":"https:\/\/chmc.es\/wordpress\/wp-content\/uploads\/2025\/02\/Disseny-sense-titol-scaled.jpg","type":"image\/jpeg"}],"twitter_card":"summary_large_image","twitter_misc":{"Tiempo de lectura":"4 minutos"},"schema":{"@context":"https:\/\/schema.org","@graph":[{"@type":"WebPage","@id":"https:\/\/chmc.es\/wordpress\/ca\/informacion-del-uso-de-cookies\/","url":"https:\/\/chmc.es\/wordpress\/ca\/informacion-del-uso-de-cookies\/","name":"Informaci\u00f3 de l'\u00fas de cookies - CHMC","isPartOf":{"@id":"https:\/\/chmc.es\/wordpress\/#website"},"datePublished":"2021-01-13T15:23:30+00:00","dateModified":"2021-02-04T17:40:52+00:00","breadcrumb":{"@id":"https:\/\/chmc.es\/wordpress\/ca\/informacion-del-uso-de-cookies\/#breadcrumb"},"inLanguage":"es","potentialAction":[{"@type":"ReadAction","target":["https:\/\/chmc.es\/wordpress\/ca\/informacion-del-uso-de-cookies\/"]}]},{"@type":"BreadcrumbList","@id":"https:\/\/chmc.es\/wordpress\/ca\/informacion-del-uso-de-cookies\/#breadcrumb","itemListElement":[{"@type":"ListItem","position":1,"name":"Portada","item":"https:\/\/chmc.es\/wordpress\/"},{"@type":"ListItem","position":2,"name":"Informaci\u00f3 de l&#8217;\u00fas de cookies"}]},{"@type":"WebSite","@id":"https:\/\/chmc.es\/wordpress\/#website","url":"https:\/\/chmc.es\/wordpress\/","name":"CHMC","description":"PSICOLOGIA","publisher":{"@id":"https:\/\/chmc.es\/wordpress\/#organization"},"potentialAction":[{"@type":"SearchAction","target":{"@type":"EntryPoint","urlTemplate":"https:\/\/chmc.es\/wordpress\/?s={search_term_string}"},"query-input":{"@type":"PropertyValueSpecification","valueRequired":true,"valueName":"search_term_string"}}],"inLanguage":"es"},{"@type":"Organization","@id":"https:\/\/chmc.es\/wordpress\/#organization","name":"CHMC","url":"https:\/\/chmc.es\/wordpress\/","logo":{"@type":"ImageObject","inLanguage":"es","@id":"https:\/\/chmc.es\/wordpress\/#\/schema\/logo\/image\/","url":"https:\/\/chmc.es\/wordpress\/wp-content\/uploads\/2025\/02\/chmc.jpg","contentUrl":"https:\/\/chmc.es\/wordpress\/wp-content\/uploads\/2025\/02\/chmc.jpg","width":1080,"height":1080,"caption":"CHMC"},"image":{"@id":"https:\/\/chmc.es\/wordpress\/#\/schema\/logo\/image\/"}}]}},"_links":{"self":[{"href":"https:\/\/chmc.es\/wordpress\/wp-json\/wp\/v2\/pages\/481","targetHints":{"allow":["GET"]}}],"collection":[{"href":"https:\/\/chmc.es\/wordpress\/wp-json\/wp\/v2\/pages"}],"about":[{"href":"https:\/\/chmc.es\/wordpress\/wp-json\/wp\/v2\/types\/page"}],"author":[{"embeddable":true,"href":"https:\/\/chmc.es\/wordpress\/wp-json\/wp\/v2\/users\/1"}],"replies":[{"embeddable":true,"href":"https:\/\/chmc.es\/wordpress\/wp-json\/wp\/v2\/comments?post=481"}],"version-history":[{"count":8,"href":"https:\/\/chmc.es\/wordpress\/wp-json\/wp\/v2\/pages\/481\/revisions"}],"predecessor-version":[{"id":533,"href":"https:\/\/chmc.es\/wordpress\/wp-json\/wp\/v2\/pages\/481\/revisions\/533"}],"wp:attachment":[{"href":"https:\/\/chmc.es\/wordpress\/wp-json\/wp\/v2\/media?parent=481"}],"curies":[{"name":"wp","href":"https:\/\/api.w.org\/{rel}","templated":true}]}}